factors of (-46)/69 - 8/(-3)*202?
2, 269
Suppose 0*a + 3*a - 78 = 0. Let d = 10 - 1. What are the prime factors of a*(2 - d/6)?
13
List the prime factors of (-1 - -451)*(2 - 15/10).
3, 5
Suppose 14*p - 17204 = -9*p. List the prime factors of p.
2, 11, 17
Let m be 98 + -4 + (-12)/(-4). Suppose m = f + 83. List the prime factors of f.
2, 7
Suppose 27*k - 30419 + 3500 = 0. What are the prime factors of k?
997
Let o be (-32)/(-14) + 28/(-98). Suppose o*i + 520 = 7*i. What are the prime factors of i?
2, 13
Suppose -20 = -4*n + 8*n. Let z = n + 7. Suppose 38 = 2*c + 2*k, 24 = z*c + 3*k - 12. What are the prime factors of c?
3, 7
Let f(r) be the second derivative of 4*r**3/3 - 6*r**2 - 3*r. Let w be f(9). Suppose -2*n + 10 + w = 0. What are the prime factors of n?
5, 7
Suppose 64 = h - 2*b, 5*h - 3*b - 299 = -0*h. Suppose 5*f - 2*n - 290 = 0, 2*n + h = f + 3*n. List the prime factors of f.
2, 29
Let g = -52 + 29. Let m = 38 + g. Suppose -5*c + 76 - 6 = f, 3*f = -2*c + m. List the prime factors of c.
3, 5
Let x(l) = -46*l + 20. Let w(c) = -31*c + 13. Let b(h) = -8*w(h) + 5*x(h). Let z be b(4). Let y = -40 + z. List the prime factors of y.
2, 7
Let g(w) = w**2 - 7*w - 9. Let j be g(9). What are the prime factors of 1*(2 - j)*(-4 - 9)?
7, 13
What are the prime factors of (1/(-1))/(5598/(-2798) + 2)?
1399
Suppose 153817 = 31*x + 36761. List the prime factors of x.
2, 59
Let u(d) = d**2 + d + 3. Let c be u(-2). Let h(w) = 12*w - 5. What are the prime factors of h(c)?
5, 11
Let i = -156 - -437. What are the prime factors of i?
281
Suppose -2*r + 15 - 3 = 0. Suppose -8*m = -r*m - 12. List the prime factors of m.
2, 3
Suppose 0 = o + 2*k - 265, -4*o - 2*k + 0*k = -1084. What are the prime factors of o?
3, 7, 13
Let h = 1592 - 162. Suppose h = -4*p + 17*p. List the prime factors of p.
2, 5, 11
Let m = 4196 - 2367. What are the prime factors of m?
31, 59
Let k(d) = -2*d - 43. Let g be k(12). Let u(y) = 51*y. Let l be u(-2). Let o = g - l. What are the prime factors of o?
5, 7
Suppose -m + 5*m - 240 = 4*g, -5*g = 4*m - 204. List the prime factors of m.
2, 7
Let r(u) = -6*u**2 - 7*u + 3. Let h(q) = -6*q**2 - 6*q + 2. Let l(k) = -4*h(k) + 3*r(k). What are the prime factors of l(-4)?
5, 17
Let o = 8 - 4. Suppose 3*n - 34 = -5*t, -o*t + 3*t = 4*n. Suppose 0 = 6*d - 4*d - t. What are the prime factors of d?
2
Let j be 6/(-4)*(-16)/(-12) + 5. Suppose z - 52 = 4*y - 18, 2*z - j*y = 88. What are the prime factors of z?
2, 5
Suppose 3*y + 2*y = -4*o + 20, -20 = 3*y - 4*o. Suppose -2*b - 4 = 0, y*b = -3*r + 2*b + 34. List the prime factors of ((-12)/r)/(1/(-5)).
2, 3
Let v = 29 + -13. Let t = -25 + v. Let y = t + 17. What are the prime factors of y?
2
Suppose 2*u - 2*r - 38 = 0, 0*r + 47 = 2*u + r. Let t = 70 - u. Suppose -5*v + 252 = -t. What are the prime factors of v?
2, 3, 5
Suppose 3*c - 768 = -10*u + 5*u, 0 = -3*c + 5*u + 738. What are the prime factors of c?
251
Let q(m) = -m**2 - 16*m + 3. Let x be q(-16). Suppose -y - 31 = -2*z, 2*y - 42 = -x*z - y. What are the prime factors of z?
3, 5
Let g be 6/(-2) + -5 + 9. Let t(k) = 5*k**3 - k**2 - k + 1. Let v be t(g). Suppose -2*r - 2*r + 260 = -4*d, v*r + d - 270 = 0. What are the prime factors of r?
67
Suppose -15*a + 2062 + 353 = 0. List the prime factors of a.
7, 23
Suppose 0 = y - 16 - 59. Suppose -d - 4*d - y = -3*l, 4*d - 5*l = -60. List the prime factors of (-8)/20*d*2.
2, 3
Let j be ((-1)/(-6) - 0) + (-533)/(-6). Suppose 0*p - j = -3*y - p, -5*p - 31 = -2*y. List the prime factors of y.
2, 7
Let w = -1 + 6. Suppose -d - 3*d = -4*f, 0 = -w*d + f + 16. List the prime factors of 1/(-4) - (-73)/d.
2, 3
Suppose 50*g = 54*g - 2592. What are the prime factors of g?
2, 3
Let z = -12 - -12. Let f = z + 5. Suppose -s + 25 = f*y - 3*y, -2*y - 26 = -2*s. What are the prime factors of s?
17
Suppose u - 20 = 95. Suppose 3*z - u = 44. What are the prime factors of z?
53
Suppose 0 = -4*d + 5*d - 360. Suppose 10*c = 4*c + d. What are the prime factors of c?
2, 3, 5
Let l = 393 + -356. List the prime factors of l.
37
Let d(y) = -37*y + 5. List the prime factors of d(-11).
2, 103
Let a(l) = 4*l**2 - 2*l - 50. What are the prime factors of a(10)?
2, 3, 5, 11
Suppose -38*k + 16736 = -6558. List the prime factors of k.
613
Let c = 1578 + -928. What are the prime factors of c?
2, 5, 13
Let p(t) = -t**2 + 3*t + 2. Suppose -13*k + 14*k = 3. Let l be p(k). Suppose 0 = y - 0 - l, -4*y = h - 34. List the prime factors of h.
2, 13
List the prime factors of (-32)/112 - 2510/(-14).
179
Let n(f) = 217*f - 100. What are the prime factors of n(9)?
17, 109
Let i(g) = -42*g + 1. Let s(o) = o**2 - 10*o + 0*o**2 - 12*o + 8*o - 1. Let f be s(14). List the prime factors of i(f).
43
Suppose 0 = 5*w - 4*p + 2*p - 160, 5*w - 5*p = 175. Suppose -4*j = -w - 370. List the prime factors of j.
2, 5
Let f be 236*(-3 + 7/2). Let i be (-28)/10*(4 + -84). Suppose 2*u + 4*z = -2*u + i, -2*u = 5*z - f. List the prime factors of u.
2, 3
Suppose -2*u + 6*o + 915 = 11*o, -1854 = -4*u - 2*o. List the prime factors of u.
3, 5, 31
Let c(k) = k**3 - 37*k**2 + 2*k + 60. List the prime factors of c(37).
2, 67
Let b = 65 - 9. Suppose -56 = -2*h + b. What are the prime factors of h?
2, 7
Suppose q + 5*u = 4545, 3577 = 6*q - 2*u - 23629. List the prime factors of q.
5, 907
Let w(d) = 3*d**2 - 12*d + 26. What are the prime factors of w(10)?
2, 103
Suppose -3*x = -0*a + 3*a, -3*a + 10 = x. Suppose a = -3*u + 38. Suppose -3*o + u = -25. List the prime factors of o.
2, 3
Let c(z) = 3*z + 1. Let l(q) = -q + 2. Let y be l(-4). Let k be c(y). Suppose -4*r + 85 = 5*f, 4*r = 4*f + k + 21. List the prime factors of r.
3, 5
Let q(h) = h**3 - h**2 + h - 1. Let c = 29 + -28. Let l be q(c). Suppose l = -5*w + 9*w - 164. What are the prime factors of w?
41
Suppose 2*t = -2*c + 282, 0 = -4*c + 2*t - 4*t + 560. Suppose -i - 6 = -c. List the prime factors of i.
7, 19
Let z = 460 - 267. List the prime factors of z.
193
Suppose 3*f = -1363 + 7924. What are the prime factors of f?
3
Let c = -2466 + 3956. What are the prime factors of c?
2, 5, 149
Let d(m) = -28*m - 347. What are the prime factors of d(-20)?
3, 71
Suppose -14 = 3*w + 1, -r + w + 16 = 0. List the prime factors of r.
11
Let m(d) = -2*d**2 + 175*d - 53. List the prime factors of m(48).
3739
Suppose 0 = -n + 3*u - 10, -5 = -4*n + u + 10. Suppose 3*v + n*m - 653 = -v, 5*m + 157 = v. What are the prime factors of v?
2, 3
Let n = 11 - -33. What are the prime factors of n?
2, 11
Suppose 9 = 3*t + 3*r - 6*r, 3*r + 13 = -t. Let d be t/(-3)*(5 + 136). Let o = d + -8. List the prime factors of o.
3, 13
Let q(y) = -9*y**3 + 2*y**2 - 2*y - 25. What are the prime factors of q(-5)?
2, 5, 29
Let u = 5 + -3. Let v(p) = -3*p**3 - 3*p**2 + 3. Let t(q) = 10*q**3 + 10*q**2 - 9. Let d(c) = u*t(c) + 7*v(c). What are the prime factors of d(-3)?
3, 7
Let t = 15 + -1. Let v = t - 22. Let u = v - -15. List the prime factors of u.
7
Let l = -18 - -3. Let u(y) = y**2 + 10*y + 22. List the prime factors of u(l).
97
Let w(b) = 54*b**2 - 34*b - 61. What are the prime factors of w(-2)?
223
Let v(o) = 37*o + 15. Suppose 56 = 17*y - 9*y. List the prime factors of v(y).
2, 137
Let s = -91 - 17. Let y = s - -129. What are the prime factors of y?
3, 7
Let d(l) = 21*l**2 - 3*l + 4. List the prime factors of d(2).
2, 41
Suppose 8*j + 3959 - 24783 = 0. What are the prime factors of j?
19, 137
Let w(n) = 16*n + 11. Let d(b) = 8*b + 6. Let j(m) = -5*d(m) + 3*w(m). What are the prime factors of j(3)?
3
Let c(i) = -2*i + 24. Let l(n) = 3*n - 36. Let z(a) = 8*c(a) + 5*l(a). Let v be z(0). List the prime factors of v/42 - (-374)/14.
3
What are the prime factors of -5 + (-5 - -310) - 2*-2?
2, 19
Suppose 264 = 4*h + 5*v - v, -4*h + 3*v = -285. Suppose 4*o = -z + h, 5*o + 157 = 5*z - 213. List the prime factors of z.
73
List the prime factors of (2 + (-12)/9)/(2/981).
3, 109
Let y = 357 - -192. What are the prime factors of y?
3, 61
Suppose 0 = 102*d - 101*d - 159. What are the prime factors of d?
3, 53
Let a be (-308)/(-42)*(1 + -7). Let s = -32 - a. What are the prime factors of s?
2, 3
Let j(g) = 215*g - 41. Let y(a) = -43*a + 8. Let q(c) = -2*j(c) - 11*y(c). Suppose -2*k - 3*i + 13 = 3, 12 = 3*k + 3*i. List the prime factors of q(k).
2, 5
Suppose 2*h + 3*s = h + 1621, -5*